+ 55 + 81. Let u(i) = -394*i**3 + 4*i + 3. Let m be u(-1). Suppose -n = v - m. Is v a composite number?
False
Suppose -3*f + 42576 = 3*v, -3*f - f + 42577 = 3*v. Let b = v + -7722. Is b composite?
False
Let i = 32 - 10. Suppose -i*v + 297 = 5*v. Is v a composite number?
False
Is (681554/3)/((-66)/(-99)) composite?
False
Let b = 7659 + -1967. Let r = b + -3719. Is r a prime number?
True
Is (4 - (-131)/(-12)) + 7 - (-1385291)/12 prime?
False
Let n(r) = -4*r**3 - 5*r**2 - 5*r - 5. Let k be n(-2). Suppose -k*o + 12407 + 9234 = 0. Is o a prime number?
False
Suppose 2*m - 297 + 45 = 0. Suppose m = -10*w + 6936. Is w a composite number?
True
Let y be (-13)/(13/(-630)) - -3. Suppose -3*k - 3099 = -3*g, -3*g - 4*k - y = -3767. Let j = g + -185. Is j a prime number?
True
Let h = -392520 + 559211. Is h a prime number?
False
Suppose 0 = -y - 6, -z + 4*y - 922 - 1495 = 0. Let d = -2636 - -1450. Let g = d - z. Is g a prime number?
False
Let m = 141077 + 355920. Is m a composite number?
False
Let q(l) = l**3 - 19*l**2 + 2*l + 58. Suppose 7*h - 6*h = -3, -5*p + 3*h = -129. Is q(p) prime?
False
Let w = 129702 + -91801. Is w prime?
False
Let w = -194 + 195. Is ((-5 - -1)/(-2) - -291)*w a composite number?
False
Suppose 64*q = 70*q - 1878. Suppose -2318 + q = -5*b. Is b prime?
True
Suppose 56 = -7*u - u. Is 2/2 + 4446 + (u - -1) prime?
True
Let h(y) = 27*y**2 + 22*y - 73. Let x be h(-6). Let u be 1/2 + 775/2. Let b = x - u. Is b composite?
False
Let g(z) = -27*z + 52. Suppose -2*c - 15 - 10 = 3*w, -5*w = 2*c + 35. Is g(c) prime?
False
Suppose 4*z - 4775 = -t, -49*z - 4 = -47*z. Is t prime?
True
Is (63/(-630))/((-3)/5)*21411084/2 a composite number?
False
Let g = -84414 + 119591. Suppose 10*t = g + 6833. Is t prime?
True
Suppose 51901 + 8192989 = 10*a. Is a composite?
False
Let v(f) = -1024*f**3 - 45*f**2 - 183*f + 43. Is v(-5) composite?
True
Suppose 29*j - 110348 = 164543. Is j composite?
False
Let q(k) = 54669*k**2 + 2*k - 54670*k**2 - k**3 + 6289 - 2*k. Is q(0) composite?
True
Let s = 20958 - 2923. Is s a composite number?
True
Let o = 77 - 74. Suppose -6*i = o*i - 18. Suppose 0*p - 4*n + 1321 = 3*p, 878 = i*p + 4*n. Is p prime?
True
Let n be (-1730 - 2 - 2) + 3. Suppose -5*q + 2560 = -10740. Let u = n + q. Is u composite?
False
Let b(u) = 33*u**2 + 10*u - 2. Let g be b(-8). Let t = 4359 - g. Is t a composite number?
True
Is ((9665670/12)/(-5))/(36/(-72)) a composite number?
True
Let v(c) = -c**3 - 20*c**2 - 28*c + 112. Let u be (153/18 + 2)/((-1)/2). Is v(u) prime?
False
Let s be 6/(-3) - (0 - -1 - 4). Let v(g) = 3672*g - 35. Is v(s) a prime number?
True
Let j(o) = 15*o + 19. Let t be j(-1). Suppose 73464 = t*p + 1852. Is p prime?
True
Suppose 1470570 = 60*k - 1223566 + 360676. Is k prime?
True
Let o = -20 + 34. Let g(n) = -2*n**3 + 35*n**2 + 12*n + 3. Is g(o) a prime number?
True
Is 505273*((-11)/(275/(-10)))/((-12)/(-30)) a prime number?
False
Suppose -2*n = -3*u - 25, 4*u = -7*n + 2*n + 28. Let m = n - -1. Suppose 3*c + l = 556, m*c - 955 = 4*c + 4*l. Is c composite?
True
Suppose 10*v + 21*v = 0. Suppose -9*t - 14*t + 301507 = v. Is t a prime number?
True
Let k = 8123 - -2146. Let y = -5518 + k. Is y a composite number?
False
Let b(n) = -119*n**3 + 5*n**2 + 11*n + 4. Let c be b(-7). Suppose 10*d - 145919 + c = 0. Is d composite?
True
Suppose 22*o = -24*o + 8*o + 1665122. Is o a prime number?
False
Suppose u - 264348 = 4150*k - 4145*k, u + 4*k - 264303 = 0. Is u a composite number?
False
Is 1*782*11 + (-1603)/(-229) prime?
True
Let b = 6907 + 8131. Let s = b + -2853. Is s prime?
False
Let d(p) = 85*p**2 - 799 + 9*p**2 + 111*p + 803. Is d(-9) composite?
False
Suppose y = -5*z + 486310, 3*z + 5*y = 104990 + 186818. Is z a prime number?
False
Let m(w) be the second derivative of -119*w**3/6 + 17*w**2/2 + w. Suppose 112*z - 209*z + 528 = -185*z. Is m(z) composite?
True
Let w(b) = 4*b**2 + 8*b - 7. Let a be w(1). Suppose 20 = h + 4*m - 21, 4*h = -a*m + 197. Is h a composite number?
False
Suppose -11354575 = -789*a + 381*a + 383*a. Is a a composite number?
False
Let p(i) = i**2 + i - 34. Let o be p(6). Let f(x) = 2*x**3 - 12*x**2 - 10*x + 3. Is f(o) a prime number?
True
Let i = -112 + 151. Suppose -23*j + i = -10*j. Suppose k - 803 = -j*h, -2*k - 4*h = -4*k + 1606. Is k composite?
True
Suppose -4*k + 16 = 4*s, -18*s - 8 = -22*s. Suppose -59824 = -4*z + 3*q, 0 = z + k*z - 2*q - 44869. Is z a prime number?
False
Let z be (15/5)/1*19410/9. Suppose 4*q = -q + 5*s - z, 4*q + 3*s = -5197. Let o = 1012 - q. Is o a composite number?
False
Suppose 2*o + 0*o + 10 = 0. Is (-24)/60 + (-130497)/o composite?
False
Let d(w) = -4*w**3 + 75*w**2 + 45*w - 107. Is d(-42) a composite number?
True
Suppose -68*k = -63*k + 5, -b + 179194 = -5*k. Is b composite?
True
Let c be (-3)/4*(2 - 6) - -14. Suppose -5*s + c = 3*q, 5*s - q - 2*q = -7. Is (s/(-2))/(((-9)/(-3126))/(-3)) a prime number?
True
Let x(j) be the first derivative of -113*j**5/40 + 5*j**4/24 - 34*j**3/3 - 20. Let c(o) be the third derivative of x(o). Is c(-4) a composite number?
False
Let s = -142 - -147. Suppose x - 237 - 101 = -s*n, 4*x - 1440 = 2*n. Is x a prime number?
False
Let j = 114030 + 12475. Is j a composite number?
True
Let v be -1 + 4 + 2516 + 3. Suppose 610 = -7*z - 8175. Let u = v + z. Is u a prime number?
False
Let d(b) = 7 + b**2 - 2*b**2 + 0 + 6*b. Let q be d(7). Suppose q = 3*i - 399 - 642. Is i a prime number?
True
Let h be (-150)/4*186/(-9). Let q(u) = 43*u**2 - 9*u + 26. Let o be q(6). Let f = o - h. Is f a composite number?
True
Let f(k) = 1141*k**2 - 47*k - 471. Is f(-14) composite?
False
Let l(o) = o + 8. Let x be l(8). Suppose x*p + 5958 = 18*p. Suppose -n - 2*u = -p - 5520, 2*u + 42507 = 5*n. Is n a prime number?
True
Suppose -7*c - 14*c = -48489. Suppose -29*i + c = -7000. Is i composite?
True
Suppose 43*g + 7607512 + 43430530 = 285*g. Is g prime?
True
Is (2506776/96 - 0)*4 a prime number?
False
Let f(k) = 596*k**2 + k - 2. Let c be f(5). Suppose -5*s + 12*s = c. Is s composite?
False
Let d(m) = 3*m**2 + 15*m + 10. Let z be d(-7). Let f = z + -61. Is ((-742)/(-21))/((-2)/f) a prime number?
False
Let a = -17936 + 31459. Is a prime?
True
Let i(b) = -b + 5. Let f be i(2). Suppose -2*c - f = a, -a = 3*c + 6 - 1. Is (-5158)/((-1)/((-1)/c)) a prime number?
True
Suppose 11283333 = 71*a + 166*a. Is a composite?
False
Suppose -h + 5*m = 1, 0 = -5*h + 14*m - 18*m + 24. Let t(b) be the third derivative of 7*b**6/120 - b**5/60 + b**4/6 - b**3/3 - 2*b**2. Is t(h) prime?
False
Let u = 47162 + 8417. Is u prime?
True
Let y(c) = c**3 + 9*c**2 - 2*c - 3. Suppose -27 = 5*v + 18. Let w be y(v). Suppose 0 = -w*z + 6*z + 2277. Is z composite?
True
Let m = 232157 - 95950. Is m a composite number?
False
Suppose 0 = -5*u - d - 2*d + 281, -4*u + 224 = 2*d. Let h = u + -58. Is 25*(-97)/h - 20/15 prime?
False
Suppose -5*i = -5*f - 65, -5*i - 2*f + 57 = -1. Let l(z) = z**2 - 39*z - 1 - 2*z + 21*z + 10*z. Is l(i) a composite number?
False
Suppose -16*m + 19*m = 51033. Is m prime?
True
Suppose 0 = c - g - 265094 - 129930, -5*c + 1975112 = 3*g. Is c composite?
False
Let m(l) = 16 + l**3 + 2*l**2 + 11*l + 3*l - 11*l**2 + 5*l. Let p be m(12). Suppose 3*o - b = 494, -4*o + 3*b + p = 6*b. Is o composite?
True
Let c(u) be the third derivative of u**6/6 + 3*u**5/20 - u**4/24 - 17*u**3/6 + 49*u**2 - 3. Is c(6) composite?
False
Let z = -1935 - -6285. Suppose s + 2*s - z = 0. Let w = 4077 - s. Is w a composite number?
True
Let x(c) = c**3 - 7*c**2 + 5*c + 11. Let s be x(6). Suppose -s*r - l = 61 + 57, -l + 2 = 0. Let z(j) = j**2 + 21*j + 13. Is z(r) a composite number?
True
Let u = 57 + -33. Suppose -u = 5*g + 6. Is 1209/13*(-2)/g a prime number?
True
Let s be -5 - (8/6)/((-36)/702). Suppose 0 = s*j - 15*j - 7554. Is j prime?
True
Is -8 - (314 + -116)*(-10186)/4 a composite number?
True
Suppose 0 = 3*d - 2*y - 47923, -3*y = d - 2959 - 13030. Suppose 4*p - d + 805 = 0. Is p a prime number?
True
Let d(r) = 37*r - 2. Let u be d(-2). Let s = u + 73. Is 627 + (-2)/s*6 a composite number?
False
Let w = 101 + -106. Is (428/(-8) - w)*328/(-4) prime?
False
Suppose -16663461 = -56*y - 37*y. Is y prime?
False
Is (447230/315)/(5 + (-258)/54) a composite number?
False
Let v(p) = p**3 + 19*p**2 + 19*p - 10. Let s be -5 + 38/(-9) + (-6)/(-27). I